{"id":10,"date":"2026-03-20T12:01:35","date_gmt":"2026-03-20T15:01:35","guid":{"rendered":"https:\/\/franciscocarmoadv.com.br\/?page_id=10"},"modified":"2026-04-30T16:10:37","modified_gmt":"2026-04-30T19:10:37","slug":"sobre","status":"publish","type":"page","link":"https:\/\/franciscocarmoadv.com.br\/index.php\/sobre\/","title":{"rendered":"O Escrit\u00f3rio"},"content":{"rendered":"\t\t<div data-elementor-type=\"wp-page\" data-elementor-id=\"10\" class=\"elementor elementor-10\">\n\t\t\t\t<div class=\"aux-parallax-section elementor-element elementor-element-7a13a09 e-con-full e-flex e-con e-parent\" data-id=\"7a13a09\" data-element_type=\"container\" data-e-type=\"container\" data-settings=\"{&quot;background_background&quot;:&quot;classic&quot;}\">\n\t\t<div class=\"elementor-element elementor-element-f8cd21a e-con-full e-flex e-con e-child\" data-id=\"f8cd21a\" data-element_type=\"container\" data-e-type=\"container\">\n\t\t\t\t<div class=\"elementor-element elementor-element-4416018 aux-appear-watch-animation aux-slide-from-bot elementor-widget elementor-widget-aux_modern_heading\" data-id=\"4416018\" data-element_type=\"widget\" data-e-type=\"widget\" data-widget_type=\"aux_modern_heading.default\">\n\t\t\t\t\t<section class=\"aux-widget-modern-heading\">\n            <div class=\"aux-widget-inner\"><p class=\"aux-modern-heading-primary\">O Escrit\u00f3rio<\/p><div class=\"aux-modern-heading-divider\"><\/div><\/div>\n        <\/section>\t\t\t\t<\/div>\n\t\t\t\t<\/div>\n\t\t\t\t<\/div>\n\t\t<div class=\"aux-parallax-section elementor-element elementor-element-04372d1 e-con-full e-flex e-con e-parent\" data-id=\"04372d1\" data-element_type=\"container\" data-e-type=\"container\">\n\t\t<div class=\"elementor-element elementor-element-a435020 e-con-full e-flex e-con e-child\" data-id=\"a435020\" data-element_type=\"container\" data-e-type=\"container\">\n\t\t\t\t<div class=\"elementor-element elementor-element-1158ee9 aux-appear-watch-animation aux-fade-in-up-1 elementor-widget elementor-widget-aux_modern_heading\" data-id=\"1158ee9\" data-element_type=\"widget\" data-e-type=\"widget\" data-widget_type=\"aux_modern_heading.default\">\n\t\t\t\t\t<section class=\"aux-widget-modern-heading\">\n            <div class=\"aux-widget-inner\"><p class=\"aux-modern-heading-primary\">NOSSO ESCRIT\u00d3RIO<\/p><h4 class=\"aux-modern-heading-secondary\"><span class=\"aux-head-before\">Excel\u00eancia Jur\u00eddica com Vis\u00e3o Estrat\u00e9gica<\/span><\/h4><div class=\"aux-modern-heading-divider\"><\/div><div class=\"aux-modern-heading-description\"><p>Somos um escrit\u00f3rio de advocacia comprometido com a entrega de solu\u00e7\u00f5es jur\u00eddicas eficazes, atuando de forma \u00e9tica, transparente e orientada a resultados.<\/p><p>Nossa equipe \u00e9 preparado para lidar com demandas complexas, oferecendo suporte tanto preventivo quanto contencioso, sempre alinhado \u00e0s necessidades espec\u00edficas de cada cliente \u2014 seja pessoa f\u00edsica, empresa ou institui\u00e7\u00e3o.<\/p><p>Trabalhamos com uma abordagem moderna do Direito, unindo conhecimento t\u00e9cnico, estrat\u00e9gia e proximidade com o cliente.<\/p><\/div><\/div>\n        <\/section>\t\t\t\t<\/div>\n\t\t<div class=\"elementor-element elementor-element-3e23f41 e-con-full e-flex e-con e-child\" data-id=\"3e23f41\" data-element_type=\"container\" data-e-type=\"container\">\n\t\t<div class=\"elementor-element elementor-element-a0675e1 e-con-full e-flex e-con e-child\" data-id=\"a0675e1\" data-element_type=\"container\" data-e-type=\"container\">\n\t\t\t\t<div class=\"elementor-element elementor-element-ebf9007 elementor-widget__width-auto aux-appear-watch-animation aux-fade-in-left elementor-widget elementor-widget-aux_modern_button\" data-id=\"ebf9007\" data-element_type=\"widget\" data-e-type=\"widget\" data-widget_type=\"aux_modern_button.default\">\n\t\t\t\t\t    <div class=\"aux-modern-button-wrapper aux-modern-button-align-\" >\n                    <a class=\"aux-modern-button aux-black aux-modern-button-md aux-modern-button-normal aux-modern-button-default aux-icon-left\" href=\"https:\/\/api.whatsapp.com\/send?phone=55659939376674\" target=\"_blank\">\n                <div class=\"aux-overlay\"><\/div>\n                                    <div class=\"aux-icon \">\n                        <i aria-hidden=\"true\" class=\"auxicon auxicon-whatsapp\"><\/i>                    <\/div>\n                                <div class=\"aux-text\">\n<span class=\"aux-text-before\">Entrar em contato<\/span>                <\/div>\n            <\/a>\n            \n    <\/div>\n\n    \t\t\t\t<\/div>\n\t\t\t\t<\/div>\n\t\t\t\t<\/div>\n\t\t\t\t<\/div>\n\t\t<div class=\"elementor-element elementor-element-b23be43 e-con-full e-flex e-con e-child\" data-id=\"b23be43\" data-element_type=\"container\" data-e-type=\"container\">\n\t\t\t\t<div class=\"elementor-element elementor-element-84611b7 elementor-widget elementor-widget-aux_image\" data-id=\"84611b7\" data-element_type=\"widget\" data-e-type=\"widget\" data-widget_type=\"aux_image.default\">\n\t\t\t\t\t<section class=\"widget-container aux-widget-image aux-alignnone aux-parent-au44e58d31\">\n    <div class=\"aux-media-hint-frame \">\n        <div class=\"aux-media-image \" >\n        \n            \n\n            \n            <img fetchpriority=\"high\" decoding=\"async\" width=\"410\" height=\"534\" src=\"data:image\/gif;base64,R0lGODlhAQABAIAAAAAAAP\/\/\/yH5BAEAAAAALAAAAAABAAEAAAIBRAA7\" class=\"aux-attachment aux-featured-image aux-attachment-id-235 aux-preload aux-blank\" alt=\"advogado-410x534\" data-ratio=\"0.77\" data-original-w=\"410\" sizes=\"auto\" data-srcset=\"https:\/\/franciscocarmoadv.com.br\/wp-content\/uploads\/2026\/03\/advogado-410x534-1-150x195.webp 150w,https:\/\/franciscocarmoadv.com.br\/wp-content\/uploads\/2026\/03\/advogado-410x534-1-300x391.webp 300w,https:\/\/franciscocarmoadv.com.br\/wp-content\/uploads\/2026\/03\/advogado-410x534-1-410x534.webp 410w\" data-src=\"https:\/\/franciscocarmoadv.com.br\/wp-content\/uploads\/2026\/03\/advogado-410x534-1-410x534.webp\" \/>            \n                <\/div>\n    <\/div>\n\n<\/section><!-- widget-container -->\t\t\t\t<\/div>\n\t\t\t\t<\/div>\n\t\t<div class=\"elementor-element elementor-element-f724ad4 e-con-full e-flex e-con e-child\" data-id=\"f724ad4\" data-element_type=\"container\" data-e-type=\"container\">\n\t\t\t\t<div class=\"elementor-element elementor-element-58e8741 aux-appear-watch-animation aux-scale-down elementor-widget elementor-widget-aux_image\" data-id=\"58e8741\" data-element_type=\"widget\" data-e-type=\"widget\" data-widget_type=\"aux_image.default\">\n\t\t\t\t\t<section class=\"widget-container aux-widget-image aux-alignnone aux-parent-au3e240875\">\n    <div class=\"aux-media-hint-frame \">\n        <div class=\"aux-media-image \" >\n        \n            \n\n            \n            <img decoding=\"async\" width=\"838\" height=\"1088\" src=\"data:image\/gif;base64,R0lGODlhAQABAIAAAAAAAP\/\/\/yH5BAEAAAAALAAAAAABAAEAAAIBRAA7\" class=\"aux-attachment aux-featured-image aux-attachment-id-234 aux-preload aux-blank\" alt=\"advocacia\" data-ratio=\"0.77\" data-original-w=\"838\" data-src=\"https:\/\/franciscocarmoadv.com.br\/wp-content\/uploads\/2026\/03\/advocacia.webp\" \/>            \n                <\/div>\n    <\/div>\n\n<\/section><!-- widget-container -->\t\t\t\t<\/div>\n\t\t\t\t<\/div>\n\t\t\t\t<\/div>\n\t\t\t\t<section class=\"elementor-section elementor-top-section elementor-element elementor-element-b1c2934 elementor-section-full_width elementor-section-height-default elementor-section-height-default\" data-id=\"b1c2934\" data-element_type=\"section\" data-e-type=\"section\">\n\t\t\t\t\t\t<div class=\"elementor-container elementor-column-gap-no\">\n\t\t\t\t\t<div class=\"aux-parallax-section elementor-column elementor-col-50 elementor-top-column elementor-element elementor-element-e70ccc4\" data-id=\"e70ccc4\" data-element_type=\"column\" data-e-type=\"column\" data-settings=\"{&quot;background_background&quot;:&quot;classic&quot;}\">\n\t\t\t<div class=\"elementor-widget-wrap elementor-element-populated\">\n\t\t\t\t\t<div class=\"elementor-background-overlay\"><\/div>\n\t\t\t\t\t\t<div class=\"elementor-element elementor-element-f677d68 aux-appear-watch-animation aux-scale-down elementor-widget elementor-widget-aux_modern_heading\" data-id=\"f677d68\" data-element_type=\"widget\" data-e-type=\"widget\" data-widget_type=\"aux_modern_heading.default\">\n\t\t\t\t\t<section class=\"aux-widget-modern-heading\">\n            <div class=\"aux-widget-inner\"><p class=\"aux-modern-heading-primary\"><\/p><h4 class=\"aux-modern-heading-secondary\"><span class=\"aux-head-before\">Nosso compromisso com a Excel\u00eancia<\/span><\/h4><div class=\"aux-modern-heading-divider\"><\/div><div class=\"aux-modern-heading-description\"><p>Acreditamos que a confian\u00e7a \u00e9 a base de qualquer rela\u00e7\u00e3o cliente-advogado. Por isso, nos dedicamos a construir parcerias s\u00f3lidas, pautadas pela transpar\u00eancia, \u00e9tica e compromisso com os resultados. Nossa miss\u00e3o \u00e9 garantir que cada cliente receba um atendimento personalizado, com solu\u00e7\u00f5es jur\u00eddicas eficazes e inovadoras.<\/p><\/div><\/div>\n        <\/section>\t\t\t\t<\/div>\n\t\t\t\t\t<\/div>\n\t\t<\/div>\n\t\t\t\t<div class=\"aux-parallax-section elementor-column elementor-col-50 elementor-top-column elementor-element elementor-element-89c4faf\" data-id=\"89c4faf\" data-element_type=\"column\" data-e-type=\"column\" data-settings=\"{&quot;background_background&quot;:&quot;classic&quot;}\">\n\t\t\t<div class=\"elementor-widget-wrap elementor-element-populated\">\n\t\t\t\t\t<div class=\"elementor-background-overlay\"><\/div>\n\t\t\t\t\t\t<div class=\"elementor-element elementor-element-3a8f9cd aux-appear-watch-animation aux-scale-down elementor-widget elementor-widget-aux_modern_heading\" data-id=\"3a8f9cd\" data-element_type=\"widget\" data-e-type=\"widget\" data-widget_type=\"aux_modern_heading.default\">\n\t\t\t\t\t<section class=\"aux-widget-modern-heading\">\n            <div class=\"aux-widget-inner\"><p class=\"aux-modern-heading-primary\"><\/p><h4 class=\"aux-modern-heading-secondary\"><span class=\"aux-head-before\">Equipe de Especialistas<\/span><\/h4><div class=\"aux-modern-heading-divider\"><\/div><div class=\"aux-modern-heading-description\"><p>Nosso time \u00e9 composto por advogados altamente qualificados, com vasta experi\u00eancia e reconhecimento em suas respectivas \u00e1reas de atua\u00e7\u00e3o. Estamos sempre atualizados com as mudan\u00e7as na legisla\u00e7\u00e3o e as tend\u00eancias do mercado, garantindo um servi\u00e7o jur\u00eddico moderno e eficiente.<\/p><\/div><\/div>\n        <\/section>\t\t\t\t<\/div>\n\t\t\t\t\t<\/div>\n\t\t<\/div>\n\t\t\t\t\t<\/div>\n\t\t<\/section>\n\t\t\t\t<\/div>\n\t\t","protected":false},"excerpt":{"rendered":"<p>O Escrit\u00f3rio NOSSO ESCRIT\u00d3RIO Excel\u00eancia Jur\u00eddica com Vis\u00e3o Estrat\u00e9gica Somos um escrit\u00f3rio de advocacia comprometido com a entrega de solu\u00e7\u00f5es jur\u00eddicas eficazes, atuando de forma \u00e9tica, transparente e orientada a resultados. Nossa equipe \u00e9 preparado para lidar com demandas complexas, oferecendo suporte tanto preventivo quanto contencioso, sempre alinhado \u00e0s necessidades espec\u00edficas de cada cliente \u2014 [&hellip;]<\/p>\n","protected":false},"author":1,"featured_media":0,"parent":0,"menu_order":0,"comment_status":"closed","ping_status":"closed","template":"","meta":{"footnotes":""},"class_list":["post-10","page","type-page","status-publish","hentry"],"_links":{"self":[{"href":"https:\/\/franciscocarmoadv.com.br\/index.php\/wp-json\/wp\/v2\/pages\/10","targetHints":{"allow":["GET"]}}],"collection":[{"href":"https:\/\/franciscocarmoadv.com.br\/index.php\/wp-json\/wp\/v2\/pages"}],"about":[{"href":"https:\/\/franciscocarmoadv.com.br\/index.php\/wp-json\/wp\/v2\/types\/page"}],"author":[{"embeddable":true,"href":"https:\/\/franciscocarmoadv.com.br\/index.php\/wp-json\/wp\/v2\/users\/1"}],"replies":[{"embeddable":true,"href":"https:\/\/franciscocarmoadv.com.br\/index.php\/wp-json\/wp\/v2\/comments?post=10"}],"version-history":[{"count":26,"href":"https:\/\/franciscocarmoadv.com.br\/index.php\/wp-json\/wp\/v2\/pages\/10\/revisions"}],"predecessor-version":[{"id":269,"href":"https:\/\/franciscocarmoadv.com.br\/index.php\/wp-json\/wp\/v2\/pages\/10\/revisions\/269"}],"wp:attachment":[{"href":"https:\/\/franciscocarmoadv.com.br\/index.php\/wp-json\/wp\/v2\/media?parent=10"}],"curies":[{"name":"wp","href":"https:\/\/api.w.org\/{rel}","templated":true}]}}